{"id":285,"date":"2020-04-07T23:53:10","date_gmt":"2020-04-08T02:53:10","guid":{"rendered":"http:\/\/paespneus.com.br\/?page_id=285"},"modified":"2020-06-18T16:19:32","modified_gmt":"2020-06-18T19:19:32","slug":"parceiros","status":"publish","type":"page","link":"https:\/\/paespneus.com.br\/?page_id=285","title":{"rendered":"Parceiros"},"content":{"rendered":"\t\t<div data-elementor-type=\"wp-page\" data-elementor-id=\"285\" class=\"elementor elementor-285\" data-elementor-post-type=\"page\">\n\t\t\t\t\t\t\t\t\t<div class=\"elementor-section elementor-top-section elementor-element elementor-element-63fc579 elementor-section-boxed elementor-section-height-default elementor-section-height-default\" data-id=\"63fc579\" data-element_type=\"section\">\n\t\t\t\t\t\t<div class=\"elementor-container elementor-column-gap-default\">\n\t\t\t\t\t<div class=\"elementor-column elementor-col-100 elementor-top-column elementor-element elementor-element-de83caf\" data-id=\"de83caf\" data-element_type=\"column\">\n\t\t\t<div class=\"elementor-widget-wrap elementor-element-populated\">\n\t\t\t\t\t\t\t\t<div class=\"elementor-element elementor-element-0773697 elementor-widget elementor-widget-image\" data-id=\"0773697\" data-element_type=\"widget\" data-widget_type=\"image.default\">\n\t\t\t\t<div class=\"elementor-widget-container\">\n\t\t\t\t\t\t\t\t\t\t\t\t\t\t\t<img decoding=\"async\" loading=\"lazy\" width=\"415\" height=\"200\" src=\"https:\/\/paespneus.com.br\/wp-content\/uploads\/2020\/04\/parceiros.png\" class=\"attachment-large size-large wp-image-60\" alt=\"parceiros PAES PNEUS\" srcset=\"https:\/\/paespneus.com.br\/wp-content\/uploads\/2020\/04\/parceiros.png 415w, https:\/\/paespneus.com.br\/wp-content\/uploads\/2020\/04\/parceiros-300x145.png 300w\" sizes=\"100vw\" \/>\t\t\t\t\t\t\t\t\t\t\t\t\t\t\t<\/div>\n\t\t\t\t<\/div>\n\t\t\t\t\t<\/div>\n\t\t<\/div>\n\t\t\t\t\t\t\t<\/div>\n\t\t<\/div>\n\t\t\t\t<section class=\"elementor-section elementor-top-section elementor-element elementor-element-58f7827 elementor-section-boxed elementor-section-height-default elementor-section-height-default\" data-id=\"58f7827\" data-element_type=\"section\">\n\t\t\t\t\t\t<div class=\"elementor-container elementor-column-gap-default\">\n\t\t\t\t\t<div class=\"elementor-column elementor-col-100 elementor-top-column elementor-element elementor-element-50f2bb1\" data-id=\"50f2bb1\" data-element_type=\"column\">\n\t\t\t<div class=\"elementor-widget-wrap elementor-element-populated\">\n\t\t\t\t\t\t\t\t<div class=\"elementor-element elementor-element-72fb40f elementor-widget elementor-widget-heading\" data-id=\"72fb40f\" data-element_type=\"widget\" data-widget_type=\"heading.default\">\n\t\t\t\t<div class=\"elementor-widget-container\">\n\t\t\t<h2 class=\"elementor-heading-title elementor-size-default\">REPRESENTANTES<\/h2>\t\t<\/div>\n\t\t\t\t<\/div>\n\t\t\t\t\t<\/div>\n\t\t<\/div>\n\t\t\t\t\t\t\t<\/div>\n\t\t<\/section>\n\t\t\t\t<section class=\"elementor-section elementor-top-section elementor-element elementor-element-ed34e0b elementor-section-boxed elementor-section-height-default elementor-section-height-default\" data-id=\"ed34e0b\" data-element_type=\"section\">\n\t\t\t\t\t\t<div class=\"elementor-container elementor-column-gap-default\">\n\t\t\t\t\t<div class=\"elementor-column elementor-col-100 elementor-top-column elementor-element elementor-element-4ae2cf1\" data-id=\"4ae2cf1\" data-element_type=\"column\">\n\t\t\t<div class=\"elementor-widget-wrap elementor-element-populated\">\n\t\t\t\t\t\t\t\t<div class=\"elementor-element elementor-element-b273802 elementor-search-form--skin-classic elementor-search-form--button-type-icon elementor-search-form--icon-search elementor-widget elementor-widget-search-form\" data-id=\"b273802\" data-element_type=\"widget\" data-settings=\"{&quot;skin&quot;:&quot;classic&quot;}\" data-widget_type=\"search-form.default\">\n\t\t\t\t<div class=\"elementor-widget-container\">\n\t\t\t\t\t<form class=\"elementor-search-form\" action=\"https:\/\/paespneus.com.br\" method=\"get\" role=\"search\">\n\t\t\t\t\t\t\t\t\t<div class=\"elementor-search-form__container\">\n\t\t\t\t<label class=\"elementor-screen-only\" for=\"elementor-search-form-b273802\">Search<\/label>\n\n\t\t\t\t\n\t\t\t\t<input id=\"elementor-search-form-b273802\" placeholder=\"Digite a cidade aqui\" class=\"elementor-search-form__input\" type=\"search\" name=\"s\" value=\"\">\n\t\t\t\t\n\t\t\t\t\t\t\t\t\t<button class=\"elementor-search-form__submit\" type=\"submit\" aria-label=\"Search\">\n\t\t\t\t\t\t\t\t\t\t\t\t\t<i aria-hidden=\"true\" class=\"fas fa-search\"><\/i>\t\t\t\t\t\t\t<span class=\"elementor-screen-only\">Search<\/span>\n\t\t\t\t\t\t\t\t\t\t\t<\/button>\n\t\t\t\t\n\t\t\t\t\t\t\t<\/div>\n\t\t<\/form>\n\t\t\t\t<\/div>\n\t\t\t\t<\/div>\n\t\t\t\t\t<\/div>\n\t\t<\/div>\n\t\t\t\t\t\t\t<\/div>\n\t\t<\/section>\n\t\t\t\t<section class=\"elementor-section elementor-top-section elementor-element elementor-element-489a669 elementor-section-boxed elementor-section-height-default elementor-section-height-default\" data-id=\"489a669\" data-element_type=\"section\">\n\t\t\t\t\t\t<div class=\"elementor-container elementor-column-gap-default\">\n\t\t\t\t\t<div class=\"elementor-column elementor-col-100 elementor-top-column elementor-element elementor-element-d1eea8f\" data-id=\"d1eea8f\" data-element_type=\"column\">\n\t\t\t<div class=\"elementor-widget-wrap elementor-element-populated\">\n\t\t\t\t\t\t\t\t<div class=\"elementor-element elementor-element-4c36bab elementor-widget elementor-widget-heading\" data-id=\"4c36bab\" data-element_type=\"widget\" data-widget_type=\"heading.default\">\n\t\t\t\t<div class=\"elementor-widget-container\">\n\t\t\t<h3 class=\"elementor-heading-title elementor-size-default\">CLIQUE NO REPRESENTANTE PARA MAIS INFORMA\u00c7\u00d5ES <\/h3>\t\t<\/div>\n\t\t\t\t<\/div>\n\t\t\t\t<div class=\"elementor-element elementor-element-7eefe79 elementor-posts--align-center elementor-grid-3 elementor-grid-tablet-2 elementor-grid-mobile-1 elementor-posts--thumbnail-top elementor-posts__hover-gradient elementor-widget elementor-widget-posts\" data-id=\"7eefe79\" data-element_type=\"widget\" data-settings=\"{&quot;cards_row_gap&quot;:{&quot;unit&quot;:&quot;px&quot;,&quot;size&quot;:20,&quot;sizes&quot;:[]},&quot;cards_columns&quot;:&quot;3&quot;,&quot;cards_columns_tablet&quot;:&quot;2&quot;,&quot;cards_columns_mobile&quot;:&quot;1&quot;,&quot;cards_row_gap_tablet&quot;:{&quot;unit&quot;:&quot;px&quot;,&quot;size&quot;:&quot;&quot;,&quot;sizes&quot;:[]},&quot;cards_row_gap_mobile&quot;:{&quot;unit&quot;:&quot;px&quot;,&quot;size&quot;:&quot;&quot;,&quot;sizes&quot;:[]}}\" data-widget_type=\"posts.cards\">\n\t\t\t\t<div class=\"elementor-widget-container\">\n\t\t\t\t\t<div class=\"elementor-posts-container elementor-posts elementor-posts--skin-cards elementor-grid\">\n\t\t\t\t<article class=\"elementor-post elementor-grid-item post-560 post type-post status-publish format-standard has-post-thumbnail hentry category-parceiros\">\n\t\t\t<div class=\"elementor-post__card\">\n\t\t\t\t<a class=\"elementor-post__thumbnail__link\" href=\"https:\/\/paespneus.com.br\/?p=560\" ><div class=\"elementor-post__thumbnail\"><img loading=\"lazy\" width=\"300\" height=\"228\" src=\"https:\/\/paespneus.com.br\/wp-content\/uploads\/2020\/06\/representantepadrao-300x228.png\" class=\"attachment-medium size-medium wp-image-364\" alt=\"representante paes pneus\" decoding=\"async\" srcset=\"https:\/\/paespneus.com.br\/wp-content\/uploads\/2020\/06\/representantepadrao-300x228.png 300w, https:\/\/paespneus.com.br\/wp-content\/uploads\/2020\/06\/representantepadrao.png 500w\" sizes=\"100vw\" \/><\/div><\/a>\n\t\t\t\t<div class=\"elementor-post__text\">\n\t\t\t\t<h3 class=\"elementor-post__title\">\n\t\t\t<a href=\"https:\/\/paespneus.com.br\/?p=560\" >\n\t\t\t\tWaldemiro Rodrigues\t\t\t<\/a>\n\t\t<\/h3>\n\t\t\t\t<div class=\"elementor-post__excerpt\">\n\t\t\t<p>Juiz de Fora<\/p>\n\t\t<\/div>\n\t\t\t\t<\/div>\n\t\t\t\t\t<\/div>\n\t\t<\/article>\n\t\t\t\t<article class=\"elementor-post elementor-grid-item post-552 post type-post status-publish format-standard has-post-thumbnail hentry category-parceiros\">\n\t\t\t<div class=\"elementor-post__card\">\n\t\t\t\t<a class=\"elementor-post__thumbnail__link\" href=\"https:\/\/paespneus.com.br\/?p=552\" ><div class=\"elementor-post__thumbnail\"><img loading=\"lazy\" width=\"300\" height=\"228\" src=\"https:\/\/paespneus.com.br\/wp-content\/uploads\/2020\/06\/representantepadrao-300x228.png\" class=\"attachment-medium size-medium wp-image-364\" alt=\"representante paes pneus\" decoding=\"async\" srcset=\"https:\/\/paespneus.com.br\/wp-content\/uploads\/2020\/06\/representantepadrao-300x228.png 300w, https:\/\/paespneus.com.br\/wp-content\/uploads\/2020\/06\/representantepadrao.png 500w\" sizes=\"100vw\" \/><\/div><\/a>\n\t\t\t\t<div class=\"elementor-post__text\">\n\t\t\t\t<h3 class=\"elementor-post__title\">\n\t\t\t<a href=\"https:\/\/paespneus.com.br\/?p=552\" >\n\t\t\t\tSolimar Pipoca\t\t\t<\/a>\n\t\t<\/h3>\n\t\t\t\t<div class=\"elementor-post__excerpt\">\n\t\t\t<p>Itaperuna<\/p>\n\t\t<\/div>\n\t\t\t\t<\/div>\n\t\t\t\t\t<\/div>\n\t\t<\/article>\n\t\t\t\t<article class=\"elementor-post elementor-grid-item post-373 post type-post status-publish format-standard has-post-thumbnail hentry category-parceiros\">\n\t\t\t<div class=\"elementor-post__card\">\n\t\t\t\t<a class=\"elementor-post__thumbnail__link\" href=\"https:\/\/paespneus.com.br\/?p=373\" ><div class=\"elementor-post__thumbnail\"><img loading=\"lazy\" width=\"300\" height=\"228\" src=\"https:\/\/paespneus.com.br\/wp-content\/uploads\/2020\/06\/representantepadrao-300x228.png\" class=\"attachment-medium size-medium wp-image-364\" alt=\"representante paes pneus\" decoding=\"async\" srcset=\"https:\/\/paespneus.com.br\/wp-content\/uploads\/2020\/06\/representantepadrao-300x228.png 300w, https:\/\/paespneus.com.br\/wp-content\/uploads\/2020\/06\/representantepadrao.png 500w\" sizes=\"100vw\" \/><\/div><\/a>\n\t\t\t\t<div class=\"elementor-post__text\">\n\t\t\t\t<h3 class=\"elementor-post__title\">\n\t\t\t<a href=\"https:\/\/paespneus.com.br\/?p=373\" >\n\t\t\t\tCENTRAL TRUCK LTDA\t\t\t<\/a>\n\t\t<\/h3>\n\t\t\t\t<div class=\"elementor-post__excerpt\">\n\t\t\t<p>Itaocara-RJ<\/p>\n\t\t<\/div>\n\t\t\t\t<\/div>\n\t\t\t\t\t<\/div>\n\t\t<\/article>\n\t\t\t\t<article class=\"elementor-post elementor-grid-item post-414 post type-post status-publish format-standard has-post-thumbnail hentry category-parceiros\">\n\t\t\t<div class=\"elementor-post__card\">\n\t\t\t\t<a class=\"elementor-post__thumbnail__link\" href=\"https:\/\/paespneus.com.br\/?p=414\" ><div class=\"elementor-post__thumbnail\"><img loading=\"lazy\" width=\"300\" height=\"228\" src=\"https:\/\/paespneus.com.br\/wp-content\/uploads\/2020\/06\/representantepadrao-300x228.png\" class=\"attachment-medium size-medium wp-image-364\" alt=\"representante paes pneus\" decoding=\"async\" srcset=\"https:\/\/paespneus.com.br\/wp-content\/uploads\/2020\/06\/representantepadrao-300x228.png 300w, https:\/\/paespneus.com.br\/wp-content\/uploads\/2020\/06\/representantepadrao.png 500w\" sizes=\"100vw\" \/><\/div><\/a>\n\t\t\t\t<div class=\"elementor-post__text\">\n\t\t\t\t<h3 class=\"elementor-post__title\">\n\t\t\t<a href=\"https:\/\/paespneus.com.br\/?p=414\" >\n\t\t\t\tAUTO TRUCK PNEUS\t\t\t<\/a>\n\t\t<\/h3>\n\t\t\t\t<div class=\"elementor-post__excerpt\">\n\t\t\t<p>Tr\u00eas Rios-RJ<\/p>\n\t\t<\/div>\n\t\t\t\t<\/div>\n\t\t\t\t\t<\/div>\n\t\t<\/article>\n\t\t\t\t<article class=\"elementor-post elementor-grid-item post-558 post type-post status-publish format-standard has-post-thumbnail hentry category-parceiros\">\n\t\t\t<div class=\"elementor-post__card\">\n\t\t\t\t<a class=\"elementor-post__thumbnail__link\" href=\"https:\/\/paespneus.com.br\/?p=558\" ><div class=\"elementor-post__thumbnail\"><img loading=\"lazy\" width=\"300\" height=\"228\" src=\"https:\/\/paespneus.com.br\/wp-content\/uploads\/2020\/06\/representantepadrao-300x228.png\" class=\"attachment-medium size-medium wp-image-364\" alt=\"representante paes pneus\" decoding=\"async\" srcset=\"https:\/\/paespneus.com.br\/wp-content\/uploads\/2020\/06\/representantepadrao-300x228.png 300w, https:\/\/paespneus.com.br\/wp-content\/uploads\/2020\/06\/representantepadrao.png 500w\" sizes=\"100vw\" \/><\/div><\/a>\n\t\t\t\t<div class=\"elementor-post__text\">\n\t\t\t\t<h3 class=\"elementor-post__title\">\n\t\t\t<a href=\"https:\/\/paespneus.com.br\/?p=558\" >\n\t\t\t\tHigor Bomfin de Freitas\t\t\t<\/a>\n\t\t<\/h3>\n\t\t\t\t<div class=\"elementor-post__excerpt\">\n\t\t\t<p>Caratinga<\/p>\n\t\t<\/div>\n\t\t\t\t<\/div>\n\t\t\t\t\t<\/div>\n\t\t<\/article>\n\t\t\t\t<article class=\"elementor-post elementor-grid-item post-564 post type-post status-publish format-standard has-post-thumbnail hentry category-parceiros\">\n\t\t\t<div class=\"elementor-post__card\">\n\t\t\t\t<a class=\"elementor-post__thumbnail__link\" href=\"https:\/\/paespneus.com.br\/?p=564\" ><div class=\"elementor-post__thumbnail\"><img loading=\"lazy\" width=\"300\" height=\"228\" src=\"https:\/\/paespneus.com.br\/wp-content\/uploads\/2020\/06\/representantepadrao-300x228.png\" class=\"attachment-medium size-medium wp-image-364\" alt=\"representante paes pneus\" decoding=\"async\" srcset=\"https:\/\/paespneus.com.br\/wp-content\/uploads\/2020\/06\/representantepadrao-300x228.png 300w, https:\/\/paespneus.com.br\/wp-content\/uploads\/2020\/06\/representantepadrao.png 500w\" sizes=\"100vw\" \/><\/div><\/a>\n\t\t\t\t<div class=\"elementor-post__text\">\n\t\t\t\t<h3 class=\"elementor-post__title\">\n\t\t\t<a href=\"https:\/\/paespneus.com.br\/?p=564\" >\n\t\t\t\tJos\u00e9 Mauro Ferraz Toledo\t\t\t<\/a>\n\t\t<\/h3>\n\t\t\t\t<div class=\"elementor-post__excerpt\">\n\t\t\t<p>Tres Rios<\/p>\n\t\t<\/div>\n\t\t\t\t<\/div>\n\t\t\t\t\t<\/div>\n\t\t<\/article>\n\t\t\t\t<article class=\"elementor-post elementor-grid-item post-296 post type-post status-publish format-standard has-post-thumbnail hentry category-parceiros\">\n\t\t\t<div class=\"elementor-post__card\">\n\t\t\t\t<a class=\"elementor-post__thumbnail__link\" href=\"https:\/\/paespneus.com.br\/?p=296\" ><div class=\"elementor-post__thumbnail\"><img loading=\"lazy\" width=\"300\" height=\"228\" src=\"https:\/\/paespneus.com.br\/wp-content\/uploads\/2020\/04\/Fub\u00e1-Cosme-Leopoldina-300x228.jpg\" class=\"attachment-medium size-medium wp-image-297\" alt=\"Fub\u00e1-Cosme---Leopoldina\" decoding=\"async\" srcset=\"https:\/\/paespneus.com.br\/wp-content\/uploads\/2020\/04\/Fub\u00e1-Cosme-Leopoldina-300x228.jpg 300w, https:\/\/paespneus.com.br\/wp-content\/uploads\/2020\/04\/Fub\u00e1-Cosme-Leopoldina.jpg 500w\" sizes=\"100vw\" \/><\/div><\/a>\n\t\t\t\t<div class=\"elementor-post__text\">\n\t\t\t\t<h3 class=\"elementor-post__title\">\n\t\t\t<a href=\"https:\/\/paespneus.com.br\/?p=296\" >\n\t\t\t\tBorracharia do Fub\u00e1 \/ Cosme\t\t\t<\/a>\n\t\t<\/h3>\n\t\t\t\t<div class=\"elementor-post__excerpt\">\n\t\t\t<p>Leopoldina &#8211; MG<\/p>\n\t\t<\/div>\n\t\t\t\t<\/div>\n\t\t\t\t\t<\/div>\n\t\t<\/article>\n\t\t\t\t<article class=\"elementor-post elementor-grid-item post-287 post type-post status-publish format-standard has-post-thumbnail hentry category-parceiros\">\n\t\t\t<div class=\"elementor-post__card\">\n\t\t\t\t<a class=\"elementor-post__thumbnail__link\" href=\"https:\/\/paespneus.com.br\/?p=287\" ><div class=\"elementor-post__thumbnail\"><img loading=\"lazy\" width=\"300\" height=\"228\" src=\"https:\/\/paespneus.com.br\/wp-content\/uploads\/2020\/04\/Jorginho-Sapucaia-Al\u00e9m-Para\u00edba-500x380-1-300x228.jpg\" class=\"attachment-medium size-medium wp-image-288\" alt=\"Borracharia do Jorginho Sapucaia-RJ e Al\u00e9m Para\u00edba-MG\" decoding=\"async\" srcset=\"https:\/\/paespneus.com.br\/wp-content\/uploads\/2020\/04\/Jorginho-Sapucaia-Al\u00e9m-Para\u00edba-500x380-1-300x228.jpg 300w, https:\/\/paespneus.com.br\/wp-content\/uploads\/2020\/04\/Jorginho-Sapucaia-Al\u00e9m-Para\u00edba-500x380-1.jpg 500w\" sizes=\"100vw\" \/><\/div><\/a>\n\t\t\t\t<div class=\"elementor-post__text\">\n\t\t\t\t<h3 class=\"elementor-post__title\">\n\t\t\t<a href=\"https:\/\/paespneus.com.br\/?p=287\" >\n\t\t\t\tBorracharia do Jorginho\t\t\t<\/a>\n\t\t<\/h3>\n\t\t\t\t<div class=\"elementor-post__excerpt\">\n\t\t\t<p>Jamapar\u00e1 &#8211; Sapucaia-RJ<\/p>\n\t\t<\/div>\n\t\t\t\t<\/div>\n\t\t\t\t\t<\/div>\n\t\t<\/article>\n\t\t\t\t<article class=\"elementor-post elementor-grid-item post-363 post type-post status-publish format-standard has-post-thumbnail hentry category-parceiros\">\n\t\t\t<div class=\"elementor-post__card\">\n\t\t\t\t<a class=\"elementor-post__thumbnail__link\" href=\"https:\/\/paespneus.com.br\/?p=363\" ><div class=\"elementor-post__thumbnail\"><img loading=\"lazy\" width=\"300\" height=\"228\" src=\"https:\/\/paespneus.com.br\/wp-content\/uploads\/2020\/06\/representantepadrao-300x228.png\" class=\"attachment-medium size-medium wp-image-364\" alt=\"representante paes pneus\" decoding=\"async\" srcset=\"https:\/\/paespneus.com.br\/wp-content\/uploads\/2020\/06\/representantepadrao-300x228.png 300w, https:\/\/paespneus.com.br\/wp-content\/uploads\/2020\/06\/representantepadrao.png 500w\" sizes=\"100vw\" \/><\/div><\/a>\n\t\t\t\t<div class=\"elementor-post__text\">\n\t\t\t\t<h3 class=\"elementor-post__title\">\n\t\t\t<a href=\"https:\/\/paespneus.com.br\/?p=363\" >\n\t\t\t\tF\u00e1bio Gon\u00e7alves da Silva\t\t\t<\/a>\n\t\t<\/h3>\n\t\t\t\t<div class=\"elementor-post__excerpt\">\n\t\t\t<p>Carangola e adjac\u00eancias<\/p>\n\t\t<\/div>\n\t\t\t\t<\/div>\n\t\t\t\t\t<\/div>\n\t\t<\/article>\n\t\t\t\t<article class=\"elementor-post elementor-grid-item post-426 post type-post status-publish format-standard has-post-thumbnail hentry category-parceiros\">\n\t\t\t<div class=\"elementor-post__card\">\n\t\t\t\t<a class=\"elementor-post__thumbnail__link\" href=\"https:\/\/paespneus.com.br\/?p=426\" ><div class=\"elementor-post__thumbnail\"><img loading=\"lazy\" width=\"300\" height=\"228\" src=\"https:\/\/paespneus.com.br\/wp-content\/uploads\/2020\/06\/representantepadrao-300x228.png\" class=\"attachment-medium size-medium wp-image-364\" alt=\"representante paes pneus\" decoding=\"async\" srcset=\"https:\/\/paespneus.com.br\/wp-content\/uploads\/2020\/06\/representantepadrao-300x228.png 300w, https:\/\/paespneus.com.br\/wp-content\/uploads\/2020\/06\/representantepadrao.png 500w\" sizes=\"100vw\" \/><\/div><\/a>\n\t\t\t\t<div class=\"elementor-post__text\">\n\t\t\t\t<h3 class=\"elementor-post__title\">\n\t\t\t<a href=\"https:\/\/paespneus.com.br\/?p=426\" >\n\t\t\t\tGABRIEL AMARAL DA SILVA\t\t\t<\/a>\n\t\t<\/h3>\n\t\t\t\t<div class=\"elementor-post__excerpt\">\n\t\t\t<p> S\u00e3o Jos\u00e9 do Vale do Rio Preto &#8211; RJ<\/p>\n\t\t<\/div>\n\t\t\t\t<\/div>\n\t\t\t\t\t<\/div>\n\t\t<\/article>\n\t\t\t\t<article class=\"elementor-post elementor-grid-item post-562 post type-post status-publish format-standard has-post-thumbnail hentry category-parceiros\">\n\t\t\t<div class=\"elementor-post__card\">\n\t\t\t\t<a class=\"elementor-post__thumbnail__link\" href=\"https:\/\/paespneus.com.br\/?p=562\" ><div class=\"elementor-post__thumbnail\"><img loading=\"lazy\" width=\"300\" height=\"228\" src=\"https:\/\/paespneus.com.br\/wp-content\/uploads\/2020\/06\/representantepadrao-300x228.png\" class=\"attachment-medium size-medium wp-image-364\" alt=\"representante paes pneus\" decoding=\"async\" srcset=\"https:\/\/paespneus.com.br\/wp-content\/uploads\/2020\/06\/representantepadrao-300x228.png 300w, https:\/\/paespneus.com.br\/wp-content\/uploads\/2020\/06\/representantepadrao.png 500w\" sizes=\"100vw\" \/><\/div><\/a>\n\t\t\t\t<div class=\"elementor-post__text\">\n\t\t\t\t<h3 class=\"elementor-post__title\">\n\t\t\t<a href=\"https:\/\/paespneus.com.br\/?p=562\" >\n\t\t\t\tJulio Cesar Fregulia de Oliveira\t\t\t<\/a>\n\t\t<\/h3>\n\t\t\t\t<div class=\"elementor-post__excerpt\">\n\t\t\t<p> Juiz de Fora<\/p>\n\t\t<\/div>\n\t\t\t\t<\/div>\n\t\t\t\t\t<\/div>\n\t\t<\/article>\n\t\t\t\t<article class=\"elementor-post elementor-grid-item post-449 post type-post status-publish format-standard has-post-thumbnail hentry category-parceiros\">\n\t\t\t<div class=\"elementor-post__card\">\n\t\t\t\t<a class=\"elementor-post__thumbnail__link\" href=\"https:\/\/paespneus.com.br\/?p=449\" ><div class=\"elementor-post__thumbnail\"><img loading=\"lazy\" width=\"300\" height=\"228\" src=\"https:\/\/paespneus.com.br\/wp-content\/uploads\/2020\/06\/Frente-Paes-Pneus-300x228.jpg\" class=\"attachment-medium size-medium wp-image-422\" alt=\"Frente Paes Pneus Muria\u00e9\" decoding=\"async\" srcset=\"https:\/\/paespneus.com.br\/wp-content\/uploads\/2020\/06\/Frente-Paes-Pneus-300x228.jpg 300w, https:\/\/paespneus.com.br\/wp-content\/uploads\/2020\/06\/Frente-Paes-Pneus.jpg 500w\" sizes=\"100vw\" \/><\/div><\/a>\n\t\t\t\t<div class=\"elementor-post__text\">\n\t\t\t\t<h3 class=\"elementor-post__title\">\n\t\t\t<a href=\"https:\/\/paespneus.com.br\/?p=449\" >\n\t\t\t\tRom\u00e1rio Pedro Amaral da silva\t\t\t<\/a>\n\t\t<\/h3>\n\t\t\t\t<div class=\"elementor-post__excerpt\">\n\t\t\t<p>TRUCK CENTER- Muria\u00e9-MG<\/p>\n\t\t<\/div>\n\t\t\t\t<\/div>\n\t\t\t\t\t<\/div>\n\t\t<\/article>\n\t\t\t\t<article class=\"elementor-post elementor-grid-item post-416 post type-post status-publish format-standard has-post-thumbnail hentry category-parceiros\">\n\t\t\t<div class=\"elementor-post__card\">\n\t\t\t\t<a class=\"elementor-post__thumbnail__link\" href=\"https:\/\/paespneus.com.br\/?p=416\" ><div class=\"elementor-post__thumbnail\"><img loading=\"lazy\" width=\"300\" height=\"228\" src=\"https:\/\/paespneus.com.br\/wp-content\/uploads\/2020\/06\/Frente-Paes-Pneus-300x228.jpg\" class=\"attachment-medium size-medium wp-image-422\" alt=\"Frente Paes Pneus Muria\u00e9\" decoding=\"async\" srcset=\"https:\/\/paespneus.com.br\/wp-content\/uploads\/2020\/06\/Frente-Paes-Pneus-300x228.jpg 300w, https:\/\/paespneus.com.br\/wp-content\/uploads\/2020\/06\/Frente-Paes-Pneus.jpg 500w\" sizes=\"100vw\" \/><\/div><\/a>\n\t\t\t\t<div class=\"elementor-post__text\">\n\t\t\t\t<h3 class=\"elementor-post__title\">\n\t\t\t<a href=\"https:\/\/paespneus.com.br\/?p=416\" >\n\t\t\t\tPAES PNEUS\t\t\t<\/a>\n\t\t<\/h3>\n\t\t\t\t<div class=\"elementor-post__excerpt\">\n\t\t\t<p>MATRIZ &#8211; Muria\u00e9-MG<\/p>\n\t\t<\/div>\n\t\t\t\t<\/div>\n\t\t\t\t\t<\/div>\n\t\t<\/article>\n\t\t\t\t<article class=\"elementor-post elementor-grid-item post-556 post type-post status-publish format-standard has-post-thumbnail hentry category-parceiros\">\n\t\t\t<div class=\"elementor-post__card\">\n\t\t\t\t<a class=\"elementor-post__thumbnail__link\" href=\"https:\/\/paespneus.com.br\/?p=556\" ><div class=\"elementor-post__thumbnail\"><img loading=\"lazy\" width=\"300\" height=\"228\" src=\"https:\/\/paespneus.com.br\/wp-content\/uploads\/2020\/06\/representantepadrao-300x228.png\" class=\"attachment-medium size-medium wp-image-364\" alt=\"representante paes pneus\" decoding=\"async\" srcset=\"https:\/\/paespneus.com.br\/wp-content\/uploads\/2020\/06\/representantepadrao-300x228.png 300w, https:\/\/paespneus.com.br\/wp-content\/uploads\/2020\/06\/representantepadrao.png 500w\" sizes=\"100vw\" \/><\/div><\/a>\n\t\t\t\t<div class=\"elementor-post__text\">\n\t\t\t\t<h3 class=\"elementor-post__title\">\n\t\t\t<a href=\"https:\/\/paespneus.com.br\/?p=556\" >\n\t\t\t\tTiago Pereira Andrade\t\t\t<\/a>\n\t\t<\/h3>\n\t\t\t\t<div class=\"elementor-post__excerpt\">\n\t\t\t<p>Manhua\u00e7u<\/p>\n\t\t<\/div>\n\t\t\t\t<\/div>\n\t\t\t\t\t<\/div>\n\t\t<\/article>\n\t\t\t\t<\/div>\n\t\t\n\t\t\t\t<\/div>\n\t\t\t\t<\/div>\n\t\t\t\t\t<\/div>\n\t\t<\/div>\n\t\t\t\t\t\t\t<\/div>\n\t\t<\/section>\n\t\t\t\t<section class=\"elementor-section elementor-top-section elementor-element elementor-element-a20dada elementor-section-boxed elementor-section-height-default elementor-section-height-default\" data-id=\"a20dada\" data-element_type=\"section\">\n\t\t\t\t\t\t<div class=\"elementor-container elementor-column-gap-default\">\n\t\t\t\t\t<div class=\"elementor-column elementor-col-100 elementor-top-column elementor-element elementor-element-7e19322\" data-id=\"7e19322\" data-element_type=\"column\">\n\t\t\t<div class=\"elementor-widget-wrap elementor-element-populated\">\n\t\t\t\t\t\t\t\t<div class=\"elementor-element elementor-element-684d236 elementor-align-center elementor-widget elementor-widget-button\" data-id=\"684d236\" data-element_type=\"widget\" data-widget_type=\"button.default\">\n\t\t\t\t<div class=\"elementor-widget-container\">\n\t\t\t\t\t<div class=\"elementor-button-wrapper\">\n\t\t\t<a class=\"elementor-button elementor-button-link elementor-size-sm\" href=\"https:\/\/paespneus.com.br\">\n\t\t\t\t\t\t<span class=\"elementor-button-content-wrapper\">\n\t\t\t\t\t\t<span class=\"elementor-button-icon elementor-align-icon-left\">\n\t\t\t\t<i aria-hidden=\"true\" class=\"fas fa-chevron-left\"><\/i>\t\t\t<\/span>\n\t\t\t\t\t\t<span class=\"elementor-button-text\">VOLTAR PARA A P\u00c1GINA PRINCIPAL<\/span>\n\t\t<\/span>\n\t\t\t\t\t<\/a>\n\t\t<\/div>\n\t\t\t\t<\/div>\n\t\t\t\t<\/div>\n\t\t\t\t\t<\/div>\n\t\t<\/div>\n\t\t\t\t\t\t\t<\/div>\n\t\t<\/section>\n\t\t\t\t\t\t\t<\/div>\n\t\t","protected":false},"excerpt":{"rendered":"<p>REPRESENTANTES CLIQUE NO REPRESENTANTE PARA MAIS INFORMA\u00c7\u00d5ES VOLTAR PARA A P\u00c1GINA PRINCIPAL<\/p>\n","protected":false},"author":1,"featured_media":0,"parent":0,"menu_order":0,"comment_status":"closed","ping_status":"closed","template":"","meta":{"footnotes":""},"_links":{"self":[{"href":"https:\/\/paespneus.com.br\/index.php?rest_route=\/wp\/v2\/pages\/285"}],"collection":[{"href":"https:\/\/paespneus.com.br\/index.php?rest_route=\/wp\/v2\/pages"}],"about":[{"href":"https:\/\/paespneus.com.br\/index.php?rest_route=\/wp\/v2\/types\/page"}],"author":[{"embeddable":true,"href":"https:\/\/paespneus.com.br\/index.php?rest_route=\/wp\/v2\/users\/1"}],"replies":[{"embeddable":true,"href":"https:\/\/paespneus.com.br\/index.php?rest_route=%2Fwp%2Fv2%2Fcomments&post=285"}],"version-history":[{"count":15,"href":"https:\/\/paespneus.com.br\/index.php?rest_route=\/wp\/v2\/pages\/285\/revisions"}],"predecessor-version":[{"id":455,"href":"https:\/\/paespneus.com.br\/index.php?rest_route=\/wp\/v2\/pages\/285\/revisions\/455"}],"wp:attachment":[{"href":"https:\/\/paespneus.com.br\/index.php?rest_route=%2Fwp%2Fv2%2Fmedia&parent=285"}],"curies":[{"name":"wp","href":"https:\/\/api.w.org\/{rel}","templated":true}]}}